{"id":82,"date":"2021-07-28T16:01:45","date_gmt":"2021-07-28T14:01:45","guid":{"rendered":"https:\/\/www.pariter.sk\/?page_id=82"},"modified":"2021-08-13T08:27:34","modified_gmt":"2021-08-13T06:27:34","slug":"energeticke-certifikaty-2","status":"publish","type":"page","link":"https:\/\/www.pariter.sk\/?page_id=82","title":{"rendered":"Energetick\u00e9 certifik\u00e1ty"},"content":{"rendered":"\n<figure class=\"wp-block-image size-large\"><img loading=\"lazy\" decoding=\"async\" width=\"1024\" height=\"575\" src=\"https:\/\/www.pariter.sk\/wp-content\/uploads\/2021\/07\/ec1-1024x575.jpg\" alt=\"\" class=\"wp-image-101\" srcset=\"https:\/\/www.pariter.sk\/wp-content\/uploads\/2021\/07\/ec1-1024x575.jpg 1024w, https:\/\/www.pariter.sk\/wp-content\/uploads\/2021\/07\/ec1-300x168.jpg 300w, https:\/\/www.pariter.sk\/wp-content\/uploads\/2021\/07\/ec1-768x431.jpg 768w, https:\/\/www.pariter.sk\/wp-content\/uploads\/2021\/07\/ec1-2x1.jpg 2w, https:\/\/www.pariter.sk\/wp-content\/uploads\/2021\/07\/ec1.jpg 1387w\" sizes=\"auto, (max-width: 1024px) 100vw, 1024px\" \/><figcaption>Polyfunk\u010dn\u00fd objekt 3ve\u017ee &#8211; Pova\u017esk\u00e1 Bystrica<\/figcaption><\/figure>\n\n\n\n<figure class=\"wp-block-image size-full\"><img loading=\"lazy\" decoding=\"async\" width=\"700\" height=\"525\" src=\"https:\/\/www.pariter.sk\/wp-content\/uploads\/2021\/07\/ec2.jpg\" alt=\"\" class=\"wp-image-103\" srcset=\"https:\/\/www.pariter.sk\/wp-content\/uploads\/2021\/07\/ec2.jpg 700w, https:\/\/www.pariter.sk\/wp-content\/uploads\/2021\/07\/ec2-300x225.jpg 300w, https:\/\/www.pariter.sk\/wp-content\/uploads\/2021\/07\/ec2-1x1.jpg 1w\" sizes=\"auto, (max-width: 700px) 100vw, 700px\" \/><figcaption>Matersk\u00e1 \u0161kola &#8211; Nem\u0161ov\u00e1<\/figcaption><\/figure>\n\n\n\n<figure class=\"wp-block-image size-large\"><img loading=\"lazy\" decoding=\"async\" width=\"1024\" height=\"576\" src=\"https:\/\/www.pariter.sk\/wp-content\/uploads\/2021\/07\/ec3-1024x576.jpg\" alt=\"\" class=\"wp-image-105\" srcset=\"https:\/\/www.pariter.sk\/wp-content\/uploads\/2021\/07\/ec3-1024x576.jpg 1024w, https:\/\/www.pariter.sk\/wp-content\/uploads\/2021\/07\/ec3-300x169.jpg 300w, https:\/\/www.pariter.sk\/wp-content\/uploads\/2021\/07\/ec3-768x432.jpg 768w, https:\/\/www.pariter.sk\/wp-content\/uploads\/2021\/07\/ec3-2x1.jpg 2w, https:\/\/www.pariter.sk\/wp-content\/uploads\/2021\/07\/ec3.jpg 1386w\" sizes=\"auto, (max-width: 1024px) 100vw, 1024px\" \/><figcaption>Katastr\u00e1lny \u00farad &#8211; Doln\u00fd Kub\u00edn<\/figcaption><\/figure>\n\n\n\n<figure class=\"wp-block-image size-full\"><img loading=\"lazy\" decoding=\"async\" width=\"700\" height=\"502\" src=\"https:\/\/www.pariter.sk\/wp-content\/uploads\/2021\/07\/ec4.jpg\" alt=\"\" class=\"wp-image-106\" srcset=\"https:\/\/www.pariter.sk\/wp-content\/uploads\/2021\/07\/ec4.jpg 700w, https:\/\/www.pariter.sk\/wp-content\/uploads\/2021\/07\/ec4-300x215.jpg 300w, https:\/\/www.pariter.sk\/wp-content\/uploads\/2021\/07\/ec4-1x1.jpg 1w\" sizes=\"auto, (max-width: 700px) 100vw, 700px\" \/><figcaption>Automax &#8211; Pova\u017esk\u00e1 Bystrica<\/figcaption><\/figure>\n\n\n\n<figure class=\"wp-block-image size-full\"><img loading=\"lazy\" decoding=\"async\" width=\"700\" height=\"525\" src=\"https:\/\/www.pariter.sk\/wp-content\/uploads\/2021\/07\/ec5.jpg\" alt=\"\" class=\"wp-image-107\" srcset=\"https:\/\/www.pariter.sk\/wp-content\/uploads\/2021\/07\/ec5.jpg 700w, https:\/\/www.pariter.sk\/wp-content\/uploads\/2021\/07\/ec5-300x225.jpg 300w, https:\/\/www.pariter.sk\/wp-content\/uploads\/2021\/07\/ec5-1x1.jpg 1w\" sizes=\"auto, (max-width: 700px) 100vw, 700px\" \/><figcaption>Lie\u010debn\u00fd dom Caritas &#8211; Nimnica<\/figcaption><\/figure>\n\n\n\n<figure class=\"wp-block-image size-full\"><img loading=\"lazy\" decoding=\"async\" width=\"546\" height=\"378\" src=\"https:\/\/www.pariter.sk\/wp-content\/uploads\/2021\/07\/ec6.jpg\" alt=\"\" class=\"wp-image-108\" srcset=\"https:\/\/www.pariter.sk\/wp-content\/uploads\/2021\/07\/ec6.jpg 546w, https:\/\/www.pariter.sk\/wp-content\/uploads\/2021\/07\/ec6-300x208.jpg 300w, https:\/\/www.pariter.sk\/wp-content\/uploads\/2021\/07\/ec6-1x1.jpg 1w\" sizes=\"auto, (max-width: 546px) 100vw, 546px\" \/><figcaption>Obchodn\u00e9 centrum Kriv\u00e1\u0148 &#8211; Poprad<\/figcaption><\/figure>\n\n\n\n<figure class=\"wp-block-image size-full\"><img loading=\"lazy\" decoding=\"async\" width=\"1024\" height=\"576\" src=\"https:\/\/www.pariter.sk\/wp-content\/uploads\/2021\/07\/ec7.jpg\" alt=\"\" class=\"wp-image-109\" srcset=\"https:\/\/www.pariter.sk\/wp-content\/uploads\/2021\/07\/ec7.jpg 1024w, https:\/\/www.pariter.sk\/wp-content\/uploads\/2021\/07\/ec7-300x169.jpg 300w, https:\/\/www.pariter.sk\/wp-content\/uploads\/2021\/07\/ec7-768x432.jpg 768w, https:\/\/www.pariter.sk\/wp-content\/uploads\/2021\/07\/ec7-2x1.jpg 2w\" sizes=\"auto, (max-width: 1024px) 100vw, 1024px\" \/><figcaption>Prev\u00e1zdkov\u00e1 budova &#8211; Belu\u0161a<\/figcaption><\/figure>\n\n\n\n<figure class=\"wp-block-image size-full\"><img loading=\"lazy\" decoding=\"async\" width=\"1024\" height=\"576\" src=\"https:\/\/www.pariter.sk\/wp-content\/uploads\/2021\/07\/ec8.jpg\" alt=\"\" class=\"wp-image-110\" srcset=\"https:\/\/www.pariter.sk\/wp-content\/uploads\/2021\/07\/ec8.jpg 1024w, https:\/\/www.pariter.sk\/wp-content\/uploads\/2021\/07\/ec8-300x169.jpg 300w, https:\/\/www.pariter.sk\/wp-content\/uploads\/2021\/07\/ec8-768x432.jpg 768w, https:\/\/www.pariter.sk\/wp-content\/uploads\/2021\/07\/ec8-2x1.jpg 2w\" sizes=\"auto, (max-width: 1024px) 100vw, 1024px\" \/><figcaption>Prev\u00e1dzkov\u00e1 budova &#8211; P\u00fachov<\/figcaption><\/figure>\n\n\n\n<figure class=\"wp-block-image size-full\"><img loading=\"lazy\" decoding=\"async\" width=\"700\" height=\"525\" src=\"https:\/\/www.pariter.sk\/wp-content\/uploads\/2021\/07\/ec9.jpg\" alt=\"\" class=\"wp-image-111\" srcset=\"https:\/\/www.pariter.sk\/wp-content\/uploads\/2021\/07\/ec9.jpg 700w, https:\/\/www.pariter.sk\/wp-content\/uploads\/2021\/07\/ec9-300x225.jpg 300w, https:\/\/www.pariter.sk\/wp-content\/uploads\/2021\/07\/ec9-1x1.jpg 1w\" sizes=\"auto, (max-width: 700px) 100vw, 700px\" \/><figcaption>Autoservis Prudk\u00fd &#8211; Pova\u017esk\u00e1 Bystrica<\/figcaption><\/figure>\n\n\n\n<figure class=\"wp-block-image size-full\"><img loading=\"lazy\" decoding=\"async\" width=\"1024\" height=\"576\" src=\"https:\/\/www.pariter.sk\/wp-content\/uploads\/2021\/07\/ec10.jpg\" alt=\"\" class=\"wp-image-112\" srcset=\"https:\/\/www.pariter.sk\/wp-content\/uploads\/2021\/07\/ec10.jpg 1024w, https:\/\/www.pariter.sk\/wp-content\/uploads\/2021\/07\/ec10-300x169.jpg 300w, https:\/\/www.pariter.sk\/wp-content\/uploads\/2021\/07\/ec10-768x432.jpg 768w, https:\/\/www.pariter.sk\/wp-content\/uploads\/2021\/07\/ec10-2x1.jpg 2w\" sizes=\"auto, (max-width: 1024px) 100vw, 1024px\" \/><figcaption>Apartm\u00e1ny Ve\u013ek\u00e1 Lomnica<\/figcaption><\/figure>\n\n\n\n<figure class=\"wp-block-image size-full\"><img loading=\"lazy\" decoding=\"async\" width=\"1024\" height=\"576\" src=\"https:\/\/www.pariter.sk\/wp-content\/uploads\/2021\/07\/ec11.jpg\" alt=\"\" class=\"wp-image-113\" srcset=\"https:\/\/www.pariter.sk\/wp-content\/uploads\/2021\/07\/ec11.jpg 1024w, https:\/\/www.pariter.sk\/wp-content\/uploads\/2021\/07\/ec11-300x169.jpg 300w, https:\/\/www.pariter.sk\/wp-content\/uploads\/2021\/07\/ec11-768x432.jpg 768w, https:\/\/www.pariter.sk\/wp-content\/uploads\/2021\/07\/ec11-2x1.jpg 2w\" sizes=\"auto, (max-width: 1024px) 100vw, 1024px\" \/><figcaption>Restaurant Humno &#8211; Tatransk\u00e1 Lomnica<\/figcaption><\/figure>\n\n\n\n<figure class=\"wp-block-image size-full\"><img loading=\"lazy\" decoding=\"async\" width=\"1024\" height=\"576\" src=\"https:\/\/www.pariter.sk\/wp-content\/uploads\/2021\/07\/ec12.jpg\" alt=\"\" class=\"wp-image-114\" srcset=\"https:\/\/www.pariter.sk\/wp-content\/uploads\/2021\/07\/ec12.jpg 1024w, https:\/\/www.pariter.sk\/wp-content\/uploads\/2021\/07\/ec12-300x169.jpg 300w, https:\/\/www.pariter.sk\/wp-content\/uploads\/2021\/07\/ec12-768x432.jpg 768w, https:\/\/www.pariter.sk\/wp-content\/uploads\/2021\/07\/ec12-2x1.jpg 2w\" sizes=\"auto, (max-width: 1024px) 100vw, 1024px\" \/><figcaption>ZU\u0160 I.W. Kr\u00e1\u013ea &#8211; Pova\u017esk\u00e1 Bystrica<\/figcaption><\/figure>\n\n\n\n<figure class=\"wp-block-image size-full\"><img loading=\"lazy\" decoding=\"async\" width=\"700\" height=\"525\" src=\"https:\/\/www.pariter.sk\/wp-content\/uploads\/2021\/07\/ec13.jpg\" alt=\"\" class=\"wp-image-115\" srcset=\"https:\/\/www.pariter.sk\/wp-content\/uploads\/2021\/07\/ec13.jpg 700w, https:\/\/www.pariter.sk\/wp-content\/uploads\/2021\/07\/ec13-300x225.jpg 300w, https:\/\/www.pariter.sk\/wp-content\/uploads\/2021\/07\/ec13-1x1.jpg 1w\" sizes=\"auto, (max-width: 700px) 100vw, 700px\" \/><figcaption>Polyfunk\u010dn\u00fd objekt Pova\u017ean &#8211; Pova\u017esk\u00e1 Bystrica<\/figcaption><\/figure>\n\n\n\n<figure class=\"wp-block-image size-large\"><img loading=\"lazy\" decoding=\"async\" width=\"1024\" height=\"681\" src=\"https:\/\/www.pariter.sk\/wp-content\/uploads\/2021\/07\/ec14-1024x681.jpg\" alt=\"\" class=\"wp-image-116\" srcset=\"https:\/\/www.pariter.sk\/wp-content\/uploads\/2021\/07\/ec14-1024x681.jpg 1024w, https:\/\/www.pariter.sk\/wp-content\/uploads\/2021\/07\/ec14-300x200.jpg 300w, https:\/\/www.pariter.sk\/wp-content\/uploads\/2021\/07\/ec14-768x511.jpg 768w, https:\/\/www.pariter.sk\/wp-content\/uploads\/2021\/07\/ec14-2x1.jpg 2w, https:\/\/www.pariter.sk\/wp-content\/uploads\/2021\/07\/ec14.jpg 1384w\" sizes=\"auto, (max-width: 1024px) 100vw, 1024px\" \/><figcaption>Vienna Gate &#8211; Bratislava<\/figcaption><\/figure>\n\n\n\n<figure class=\"wp-block-image size-full\"><img loading=\"lazy\" decoding=\"async\" width=\"1024\" height=\"768\" src=\"https:\/\/www.pariter.sk\/wp-content\/uploads\/2021\/08\/BD-Zakvasov-1520-ecPB.jpg\" alt=\"\" class=\"wp-image-243\" srcset=\"https:\/\/www.pariter.sk\/wp-content\/uploads\/2021\/08\/BD-Zakvasov-1520-ecPB.jpg 1024w, https:\/\/www.pariter.sk\/wp-content\/uploads\/2021\/08\/BD-Zakvasov-1520-ecPB-300x225.jpg 300w, https:\/\/www.pariter.sk\/wp-content\/uploads\/2021\/08\/BD-Zakvasov-1520-ecPB-768x576.jpg 768w\" sizes=\"auto, (max-width: 1024px) 100vw, 1024px\" \/><figcaption>Bytov\u00fd dom Zakv\u00e1\u0161ov 1520 &#8211; Pova\u017esk\u00e1 Bystrica<\/figcaption><\/figure>\n\n\n\n<figure class=\"wp-block-image size-full\"><img loading=\"lazy\" decoding=\"async\" width=\"1024\" height=\"733\" src=\"https:\/\/www.pariter.sk\/wp-content\/uploads\/2021\/08\/EC-AB-Novelcar-Nova-Dubnica.jpg\" alt=\"\" class=\"wp-image-247\" srcset=\"https:\/\/www.pariter.sk\/wp-content\/uploads\/2021\/08\/EC-AB-Novelcar-Nova-Dubnica.jpg 1024w, https:\/\/www.pariter.sk\/wp-content\/uploads\/2021\/08\/EC-AB-Novelcar-Nova-Dubnica-300x215.jpg 300w, https:\/\/www.pariter.sk\/wp-content\/uploads\/2021\/08\/EC-AB-Novelcar-Nova-Dubnica-768x550.jpg 768w\" sizes=\"auto, (max-width: 1024px) 100vw, 1024px\" \/><figcaption>Administrat\u00edvna budova Novelcar &#8211; Nov\u00e1 Dubnica<\/figcaption><\/figure>\n\n\n\n<figure class=\"wp-block-image size-full\"><img loading=\"lazy\" decoding=\"async\" width=\"1024\" height=\"736\" src=\"https:\/\/www.pariter.sk\/wp-content\/uploads\/2021\/08\/ec-MS-Lienka-Puchov.jpg\" alt=\"\" class=\"wp-image-248\" srcset=\"https:\/\/www.pariter.sk\/wp-content\/uploads\/2021\/08\/ec-MS-Lienka-Puchov.jpg 1024w, https:\/\/www.pariter.sk\/wp-content\/uploads\/2021\/08\/ec-MS-Lienka-Puchov-300x216.jpg 300w, https:\/\/www.pariter.sk\/wp-content\/uploads\/2021\/08\/ec-MS-Lienka-Puchov-768x552.jpg 768w\" sizes=\"auto, (max-width: 1024px) 100vw, 1024px\" \/><figcaption>M\u0160 Lienka &#8211; P\u00fachov<\/figcaption><\/figure>\n\n\n\n<figure class=\"wp-block-image size-full\"><img loading=\"lazy\" decoding=\"async\" width=\"1024\" height=\"768\" src=\"https:\/\/www.pariter.sk\/wp-content\/uploads\/2021\/08\/Eletherm-ec-PB.jpg\" alt=\"\" class=\"wp-image-249\" srcset=\"https:\/\/www.pariter.sk\/wp-content\/uploads\/2021\/08\/Eletherm-ec-PB.jpg 1024w, https:\/\/www.pariter.sk\/wp-content\/uploads\/2021\/08\/Eletherm-ec-PB-300x225.jpg 300w, https:\/\/www.pariter.sk\/wp-content\/uploads\/2021\/08\/Eletherm-ec-PB-768x576.jpg 768w\" sizes=\"auto, (max-width: 1024px) 100vw, 1024px\" \/><figcaption>Eletherm &#8211; Pova\u017esk\u00e1 Bystrica<\/figcaption><\/figure>\n\n\n\n<figure class=\"wp-block-image size-full\"><img loading=\"lazy\" decoding=\"async\" width=\"1024\" height=\"724\" src=\"https:\/\/www.pariter.sk\/wp-content\/uploads\/2021\/08\/MS-Dukelska-ec-PB.jpg\" alt=\"\" class=\"wp-image-250\" srcset=\"https:\/\/www.pariter.sk\/wp-content\/uploads\/2021\/08\/MS-Dukelska-ec-PB.jpg 1024w, https:\/\/www.pariter.sk\/wp-content\/uploads\/2021\/08\/MS-Dukelska-ec-PB-300x212.jpg 300w, https:\/\/www.pariter.sk\/wp-content\/uploads\/2021\/08\/MS-Dukelska-ec-PB-768x543.jpg 768w\" sizes=\"auto, (max-width: 1024px) 100vw, 1024px\" \/><figcaption>M\u0160 Dukelsk\u00e1 &#8211; Pova\u017esk\u00e1 Bystrica<\/figcaption><\/figure>\n\n\n\n<figure class=\"wp-block-image size-full\"><img loading=\"lazy\" decoding=\"async\" width=\"804\" height=\"523\" src=\"https:\/\/www.pariter.sk\/wp-content\/uploads\/2021\/08\/Penzion-ec-Dolny-Lieskov.jpg\" alt=\"\" class=\"wp-image-251\" srcset=\"https:\/\/www.pariter.sk\/wp-content\/uploads\/2021\/08\/Penzion-ec-Dolny-Lieskov.jpg 804w, https:\/\/www.pariter.sk\/wp-content\/uploads\/2021\/08\/Penzion-ec-Dolny-Lieskov-300x195.jpg 300w, https:\/\/www.pariter.sk\/wp-content\/uploads\/2021\/08\/Penzion-ec-Dolny-Lieskov-768x500.jpg 768w\" sizes=\"auto, (max-width: 804px) 100vw, 804px\" \/><figcaption>Penzi\u00f3n &#8211; Doln\u00fd Lieskov<\/figcaption><\/figure>\n\n\n\n<figure class=\"wp-block-image size-full\"><img loading=\"lazy\" decoding=\"async\" width=\"1024\" height=\"688\" src=\"https:\/\/www.pariter.sk\/wp-content\/uploads\/2021\/08\/Rozak-ec-Puchov.jpg\" alt=\"\" class=\"wp-image-252\" srcset=\"https:\/\/www.pariter.sk\/wp-content\/uploads\/2021\/08\/Rozak-ec-Puchov.jpg 1024w, https:\/\/www.pariter.sk\/wp-content\/uploads\/2021\/08\/Rozak-ec-Puchov-300x202.jpg 300w, https:\/\/www.pariter.sk\/wp-content\/uploads\/2021\/08\/Rozak-ec-Puchov-768x516.jpg 768w\" sizes=\"auto, (max-width: 1024px) 100vw, 1024px\" \/><figcaption>Ro\u017e\u00e1k &#8211; P\u00fachov<\/figcaption><\/figure>\n","protected":false},"excerpt":{"rendered":"","protected":false},"author":1,"featured_media":0,"parent":0,"menu_order":0,"comment_status":"closed","ping_status":"closed","template":"","meta":{"_monsterinsights_skip_tracking":false,"_monsterinsights_sitenote_active":false,"_monsterinsights_sitenote_note":"","_monsterinsights_sitenote_category":0,"footnotes":""},"class_list":["post-82","page","type-page","status-publish","hentry"],"yoast_head":"<!-- This site is optimized with the Yoast SEO plugin v23.9 - https:\/\/yoast.com\/wordpress\/plugins\/seo\/ -->\n<title>Energetick\u00e9 certifik\u00e1ty - PARITER<\/title>\n<meta name=\"robots\" content=\"index, follow, max-snippet:-1, max-image-preview:large, max-video-preview:-1\" \/>\n<link rel=\"canonical\" href=\"https:\/\/www.pariter.sk\/?page_id=82\" \/>\n<meta property=\"og:locale\" content=\"sk_SK\" \/>\n<meta property=\"og:type\" content=\"article\" \/>\n<meta property=\"og:title\" content=\"Energetick\u00e9 certifik\u00e1ty - PARITER\" \/>\n<meta property=\"og:url\" content=\"https:\/\/www.pariter.sk\/?page_id=82\" \/>\n<meta property=\"og:site_name\" content=\"PARITER\" \/>\n<meta property=\"article:modified_time\" content=\"2021-08-13T06:27:34+00:00\" \/>\n<meta property=\"og:image\" content=\"https:\/\/www.pariter.sk\/wp-content\/uploads\/2021\/07\/ec1-1024x575.jpg\" \/>\n<meta name=\"twitter:card\" content=\"summary_large_image\" \/>\n<meta name=\"twitter:label1\" content=\"Predpokladan\u00fd \u010das \u010d\u00edtania\" \/>\n\t<meta name=\"twitter:data1\" content=\"5 min\u00fat\" \/>\n<script type=\"application\/ld+json\" class=\"yoast-schema-graph\">{\"@context\":\"https:\/\/schema.org\",\"@graph\":[{\"@type\":\"WebPage\",\"@id\":\"https:\/\/www.pariter.sk\/?page_id=82\",\"url\":\"https:\/\/www.pariter.sk\/?page_id=82\",\"name\":\"Energetick\u00e9 certifik\u00e1ty - PARITER\",\"isPartOf\":{\"@id\":\"https:\/\/www.pariter.sk\/#website\"},\"primaryImageOfPage\":{\"@id\":\"https:\/\/www.pariter.sk\/?page_id=82#primaryimage\"},\"image\":{\"@id\":\"https:\/\/www.pariter.sk\/?page_id=82#primaryimage\"},\"thumbnailUrl\":\"https:\/\/www.pariter.sk\/wp-content\/uploads\/2021\/07\/ec1-1024x575.jpg\",\"datePublished\":\"2021-07-28T14:01:45+00:00\",\"dateModified\":\"2021-08-13T06:27:34+00:00\",\"breadcrumb\":{\"@id\":\"https:\/\/www.pariter.sk\/?page_id=82#breadcrumb\"},\"inLanguage\":\"sk-SK\",\"potentialAction\":[{\"@type\":\"ReadAction\",\"target\":[\"https:\/\/www.pariter.sk\/?page_id=82\"]}]},{\"@type\":\"ImageObject\",\"inLanguage\":\"sk-SK\",\"@id\":\"https:\/\/www.pariter.sk\/?page_id=82#primaryimage\",\"url\":\"https:\/\/www.pariter.sk\/wp-content\/uploads\/2021\/07\/ec1.jpg\",\"contentUrl\":\"https:\/\/www.pariter.sk\/wp-content\/uploads\/2021\/07\/ec1.jpg\",\"width\":1387,\"height\":779},{\"@type\":\"BreadcrumbList\",\"@id\":\"https:\/\/www.pariter.sk\/?page_id=82#breadcrumb\",\"itemListElement\":[{\"@type\":\"ListItem\",\"position\":1,\"name\":\"Home\",\"item\":\"https:\/\/www.pariter.sk\/\"},{\"@type\":\"ListItem\",\"position\":2,\"name\":\"Energetick\u00e9 certifik\u00e1ty\"}]},{\"@type\":\"WebSite\",\"@id\":\"https:\/\/www.pariter.sk\/#website\",\"url\":\"https:\/\/www.pariter.sk\/\",\"name\":\"PARITER\",\"description\":\"\",\"publisher\":{\"@id\":\"https:\/\/www.pariter.sk\/#organization\"},\"potentialAction\":[{\"@type\":\"SearchAction\",\"target\":{\"@type\":\"EntryPoint\",\"urlTemplate\":\"https:\/\/www.pariter.sk\/?s={search_term_string}\"},\"query-input\":{\"@type\":\"PropertyValueSpecification\",\"valueRequired\":true,\"valueName\":\"search_term_string\"}}],\"inLanguage\":\"sk-SK\"},{\"@type\":\"Organization\",\"@id\":\"https:\/\/www.pariter.sk\/#organization\",\"name\":\"Pariter s.r.o.\",\"url\":\"https:\/\/www.pariter.sk\/\",\"logo\":{\"@type\":\"ImageObject\",\"inLanguage\":\"sk-SK\",\"@id\":\"https:\/\/www.pariter.sk\/#\/schema\/logo\/image\/\",\"url\":\"https:\/\/www.pariter.sk\/wp-content\/uploads\/2021\/05\/logo.jpg\",\"contentUrl\":\"https:\/\/www.pariter.sk\/wp-content\/uploads\/2021\/05\/logo.jpg\",\"width\":450,\"height\":72,\"caption\":\"Pariter s.r.o.\"},\"image\":{\"@id\":\"https:\/\/www.pariter.sk\/#\/schema\/logo\/image\/\"}}]}<\/script>\n<!-- \/ Yoast SEO plugin. -->","yoast_head_json":{"title":"Energetick\u00e9 certifik\u00e1ty - PARITER","robots":{"index":"index","follow":"follow","max-snippet":"max-snippet:-1","max-image-preview":"max-image-preview:large","max-video-preview":"max-video-preview:-1"},"canonical":"https:\/\/www.pariter.sk\/?page_id=82","og_locale":"sk_SK","og_type":"article","og_title":"Energetick\u00e9 certifik\u00e1ty - PARITER","og_url":"https:\/\/www.pariter.sk\/?page_id=82","og_site_name":"PARITER","article_modified_time":"2021-08-13T06:27:34+00:00","og_image":[{"url":"https:\/\/www.pariter.sk\/wp-content\/uploads\/2021\/07\/ec1-1024x575.jpg"}],"twitter_card":"summary_large_image","twitter_misc":{"Predpokladan\u00fd \u010das \u010d\u00edtania":"5 min\u00fat"},"schema":{"@context":"https:\/\/schema.org","@graph":[{"@type":"WebPage","@id":"https:\/\/www.pariter.sk\/?page_id=82","url":"https:\/\/www.pariter.sk\/?page_id=82","name":"Energetick\u00e9 certifik\u00e1ty - PARITER","isPartOf":{"@id":"https:\/\/www.pariter.sk\/#website"},"primaryImageOfPage":{"@id":"https:\/\/www.pariter.sk\/?page_id=82#primaryimage"},"image":{"@id":"https:\/\/www.pariter.sk\/?page_id=82#primaryimage"},"thumbnailUrl":"https:\/\/www.pariter.sk\/wp-content\/uploads\/2021\/07\/ec1-1024x575.jpg","datePublished":"2021-07-28T14:01:45+00:00","dateModified":"2021-08-13T06:27:34+00:00","breadcrumb":{"@id":"https:\/\/www.pariter.sk\/?page_id=82#breadcrumb"},"inLanguage":"sk-SK","potentialAction":[{"@type":"ReadAction","target":["https:\/\/www.pariter.sk\/?page_id=82"]}]},{"@type":"ImageObject","inLanguage":"sk-SK","@id":"https:\/\/www.pariter.sk\/?page_id=82#primaryimage","url":"https:\/\/www.pariter.sk\/wp-content\/uploads\/2021\/07\/ec1.jpg","contentUrl":"https:\/\/www.pariter.sk\/wp-content\/uploads\/2021\/07\/ec1.jpg","width":1387,"height":779},{"@type":"BreadcrumbList","@id":"https:\/\/www.pariter.sk\/?page_id=82#breadcrumb","itemListElement":[{"@type":"ListItem","position":1,"name":"Home","item":"https:\/\/www.pariter.sk\/"},{"@type":"ListItem","position":2,"name":"Energetick\u00e9 certifik\u00e1ty"}]},{"@type":"WebSite","@id":"https:\/\/www.pariter.sk\/#website","url":"https:\/\/www.pariter.sk\/","name":"PARITER","description":"","publisher":{"@id":"https:\/\/www.pariter.sk\/#organization"},"potentialAction":[{"@type":"SearchAction","target":{"@type":"EntryPoint","urlTemplate":"https:\/\/www.pariter.sk\/?s={search_term_string}"},"query-input":{"@type":"PropertyValueSpecification","valueRequired":true,"valueName":"search_term_string"}}],"inLanguage":"sk-SK"},{"@type":"Organization","@id":"https:\/\/www.pariter.sk\/#organization","name":"Pariter s.r.o.","url":"https:\/\/www.pariter.sk\/","logo":{"@type":"ImageObject","inLanguage":"sk-SK","@id":"https:\/\/www.pariter.sk\/#\/schema\/logo\/image\/","url":"https:\/\/www.pariter.sk\/wp-content\/uploads\/2021\/05\/logo.jpg","contentUrl":"https:\/\/www.pariter.sk\/wp-content\/uploads\/2021\/05\/logo.jpg","width":450,"height":72,"caption":"Pariter s.r.o."},"image":{"@id":"https:\/\/www.pariter.sk\/#\/schema\/logo\/image\/"}}]}},"_links":{"self":[{"href":"https:\/\/www.pariter.sk\/index.php?rest_route=\/wp\/v2\/pages\/82","targetHints":{"allow":["GET"]}}],"collection":[{"href":"https:\/\/www.pariter.sk\/index.php?rest_route=\/wp\/v2\/pages"}],"about":[{"href":"https:\/\/www.pariter.sk\/index.php?rest_route=\/wp\/v2\/types\/page"}],"author":[{"embeddable":true,"href":"https:\/\/www.pariter.sk\/index.php?rest_route=\/wp\/v2\/users\/1"}],"replies":[{"embeddable":true,"href":"https:\/\/www.pariter.sk\/index.php?rest_route=%2Fwp%2Fv2%2Fcomments&post=82"}],"version-history":[{"count":6,"href":"https:\/\/www.pariter.sk\/index.php?rest_route=\/wp\/v2\/pages\/82\/revisions"}],"predecessor-version":[{"id":257,"href":"https:\/\/www.pariter.sk\/index.php?rest_route=\/wp\/v2\/pages\/82\/revisions\/257"}],"wp:attachment":[{"href":"https:\/\/www.pariter.sk\/index.php?rest_route=%2Fwp%2Fv2%2Fmedia&parent=82"}],"curies":[{"name":"wp","href":"https:\/\/api.w.org\/{rel}","templated":true}]}}